 the prime factors of 42482.
2, 11, 1931
What are the prime factors of 11732956?
2, 19, 263, 587
List the prime factors of 3840843.
3, 1280281
List the prime factors of 166441.
11, 15131
What are the prime factors of 887317?
23, 173, 223
List the prime factors of 1918066.
2, 103, 9311
What are the prime factors of 1529395?
5, 7, 37, 1181
What are the prime factors of 23454569?
19, 31, 39821
List the prime factors of 113629.
199, 571
List the prime factors of 108812.
2, 11, 2473
What are the prime factors of 371124?
2, 3, 13, 61
What are the prime factors of 173691?
3, 7, 919
What are the prime factors of 3243030?
2, 3, 5, 7, 15443
List the prime factors of 16197243.
3, 17, 317593
List the prime factors of 973663.
53, 18371
List the prime factors of 74721.
3, 24907
List the prime factors of 342737.
17, 20161
What are the prime factors of 2289297?
3, 97, 7867
List the prime factors of 412103.
103, 4001
List the prime factors of 1742269.
53, 71, 463
List the prime factors of 3520643.
7, 19, 103, 257
What are the prime factors of 1186880?
2, 5, 3709
List the prime factors of 61928.
2, 7741
What are the prime factors of 545128?
2, 68141
What are the prime factors of 2664453?
3, 11, 263, 307
What are the prime factors of 813212?
2, 17, 11959
What are the prime factors of 500623?
79, 6337
List the prime factors of 56374.
2, 71, 397
List the prime factors of 1453.
1453
List the prime factors of 5259040.
2, 5, 32869
List the prime factors of 920613.
3, 306871
List the prime factors of 376396.
2, 94099
What are the prime factors of 10168514?
2, 829, 6133
What are the prime factors of 90144?
2, 3, 313
What are the prime factors of 2047482?
2, 3, 113749
List the prime factors of 869550.
2, 3, 5, 11, 17, 31
What are the prime factors of 232310?
2, 5, 13, 1787
What are the prime factors of 81014?
2, 40507
List the prime factors of 179883.
3, 11, 23, 79
List the prime factors of 527576.
2, 7, 9421
List the prime factors of 284218.
2, 11, 12919
What are the prime factors of 29591410?
2, 5, 2959141
List the prime factors of 3918125.
5, 6269
What are the prime factors of 22005?
3, 5, 163
What are the prime factors of 18581100?
2, 3, 5, 241, 257
What are the prime factors of 3271159?
3271159
What are the prime factors of 2330661?
3, 776887
What are the prime factors of 277391?
241, 1151
What are the prime factors of 397608?
2, 3, 16567
What are the prime factors of 332603?
23, 14461
List the prime factors of 3873077.
13, 229, 1301
What are the prime factors of 152617?
152617
What are the prime factors of 3069040?
2, 5, 13, 227
List the prime factors of 44732.
2, 53, 211
What are the prime factors of 3216680?
2, 5, 29, 47, 59
What are the prime factors of 33540?
2, 3, 5, 13, 43
What are the prime factors of 1169198?
2, 584599
What are the prime factors of 1463302?
2, 731651
List the prime factors of 1593211.
1009, 1579
What are the prime factors of 190199?
41, 4639
List the prime factors of 7010316.
2, 3, 19, 37, 277
List the prime factors of 1348221.
3, 7, 19, 31, 109
What are the prime factors of 124024?
2, 37, 419
List the prime factors of 109809.
3, 7, 83
List the prime factors of 284854.
2, 142427
List the prime factors of 10729109.
23, 466483
List the prime factors of 468929.
263, 1783
List the prime factors of 6756590.
2, 5, 19, 43, 827
List the prime factors of 184258.
2, 181, 509
List the prime factors of 1668847.
1668847
List the prime factors of 5040.
2, 3, 5, 7
List the prime factors of 4704385.
5, 7, 257, 523
What are the prime factors of 29006898?
2, 3, 167, 28949
What are the prime factors of 2495066?
2, 7, 31, 5749
What are the prime factors of 123081?
3, 7, 5861
List the prime factors of 2373704.
2, 296713
List the prime factors of 349006.
2, 7, 97, 257
What are the prime factors of 35853?
3, 17, 19, 37
What are the prime factors of 2327520?
2, 3, 5, 13, 373
What are the prime factors of 4743275?
5, 337, 563
List the prime factors of 459273.
3, 29, 5279
List the prime factors of 30651581.
101, 157, 1933
List the prime factors of 18958675.
5, 19, 167, 239
List the prime factors of 227534.
2, 29, 3923
List the prime factors of 104658.
2, 3, 17443
List the prime factors of 2553995.
5, 17, 30047
List the prime factors of 3702599.
257, 14407
What are the prime factors of 5689728?
2, 3, 11, 449
What are the prime factors of 634129?
311, 2039
What are the prime factors of 3756749?
947, 3967
What are the prime factors of 1149734?
2, 29, 43, 461
What are the prime factors of 775293?
3, 113, 2287
List the prime factors of 1733757.
3, 577919
What are the prime factors of 3804275?
5, 19, 8009
What are the prime factors of 986775?
3, 5, 59, 223
What are the prime factors of 730163?
7, 104309
What are the prime factors of 176246?
2, 7, 12589
What are the prime factors of 895473?
3, 99497
What are the prime factors of 1365302?
2, 19, 31, 61
List the prime factors of 115703.
7, 16529
List the prime factors of 4308975.
3, 5, 11, 1741
What are the prime factors of 1013090?
2, 5, 13, 7793
List the prime factors of 2905.
5, 7, 83
What are the prime factors of 213455?
5, 11, 3881
What are the prime factors of 5956973?
11, 541543
List the prime factors of 4966.
2, 13, 191
What are the prime factors of 27681?
3, 9227
What are the prime factors of 964337?
11, 29, 3023
What are the prime factors of 598876?
2, 17, 8807
List the prime factors of 1204976.
2, 127, 593
List the prime factors of 813575.
5, 7, 4649
List the prime factors of 5766441.
3, 1922147
What are the prime factors of 33423?
3, 13, 857
List the prime factors of 315373.
315373
List the prime factors of 985025.
5, 31, 41
What are the prime factors of 35402557?
41, 587, 1471
List the prime factors of 872051.
601, 1451
What are the prime factors of 3274620?
2, 3, 5, 54577
What are the prime factors of 12356668?
2, 29, 37, 2879
List the prime factors of 1667261.
103, 16187
What are the prime factors of 409989?
3, 17, 8039
What are the prime factors of 13617?
3, 17, 89
What are the prime factors of 5208450?
2, 3, 5, 13, 2671
What are the prime factors of 2852589?
3, 31, 37, 829
What are the prime factors of 315893?
315893
What are the prime factors of 29233254?
2, 3, 103, 47303
What are the prime factors of 369563?
17, 21739
List the prime factors of 1427500.
2, 5, 571
What are the prime factors of 894338?
2, 239, 1871
What are the prime factors of 114492?
2, 3, 7, 29, 47
List the prime factors of 115472.
2, 7, 1031
List the prime factors of 11561286.
2, 3, 11, 59, 2969
What are the prime factors of 332970?
2, 3, 5, 11, 1009
What are the prime factors of 3344571?
3, 157, 263
What are the prime factors of 7089?
3, 17, 139
What are the prime factors of 1856917?
1856917
What are the prime factors of 219614?
2, 109807
What are the prime factors of 1397780?
2, 5, 47, 1487
What are the prime factors of 474443?
474443
List the prime factors of 419551.
11, 43, 887
List the prime factors of 10652214.
2, 3, 59, 30091
What are the prime factors of 81311?
17, 4783
List the prime factors of 173445.
3, 5, 31, 373
What are the prime factors of 1724876?
2, 431219
List the prime factors of 20700053.
11, 1881823
What are the prime factors of 3482730?
2, 3, 5, 12899
What are the prime factors of 220247?
59, 3733
What are the prime factors of 2024428?
2, 7, 17, 4253
What are the prime factors of 340600?
2, 5, 13, 131
List the prime factors of 1004469.
3, 191, 1753
What are the prime factors of 127780?
2, 5, 6389
What are the prime factors of 16047707?
13, 1234439
What are the prime factors of 22947975?
3, 5, 33997
List the prime factors of 23637913.
13, 541, 3361
What are the prime factors of 18992818?
2, 13, 19, 38447
What are the prime factors of 575082?
2, 3, 43, 743
List the prime factors of 1635410.
2, 5, 7, 61, 383
What are the prime factors of 50528?
2, 1579
What are the prime factors of 16649994?
2, 3, 1583, 1753
What are the prime factors of 14420948?
2, 919, 3923
What are the prime factors of 19886021?
1601, 12421
List the prime factors of 302607.
3, 33623
What are the prime factors of 539328?
2, 3, 53
List the prime factors of 3633981.
3, 13, 93179
What are the prime factors of 294863?
71, 4153
List the prime factors of 157048.
2, 67, 293
List the prime factors of 42367455.
3, 5, 13, 619
List the prime factors of 10